r when 158849 is divided by 1103.
17
Calculate the remainder when 16419 is divided by 125.
44
What is the remainder when 33337 is divided by 5552?
25
Calculate the remainder when 28266 is divided by 462.
84
Calculate the remainder when 3272 is divided by 105.
17
What is the remainder when 329289 is divided by 54?
51
What is the remainder when 3423822 is divided by 21?
3
What is the remainder when 232251 is divided by 19349?
63
Calculate the remainder when 2036 is divided by 42.
20
What is the remainder when 3580 is divided by 99?
16
What is the remainder when 162690 is divided by 54229?
3
What is the remainder when 14176 is divided by 834?
832
Calculate the remainder when 257 is divided by 26.
23
Calculate the remainder when 3383 is divided by 669.
38
Calculate the remainder when 24292 is divided by 552.
4
Calculate the remainder when 49541 is divided by 381.
11
What is the remainder when 447 is divided by 2?
1
Calculate the remainder when 10074 is divided by 1107.
111
Calculate the remainder when 5580 is divided by 11.
3
Calculate the remainder when 12200 is divided by 222.
212
Calculate the remainder when 834288 is divided by 166855.
13
What is the remainder when 2043 is divided by 964?
115
What is the remainder when 11641 is divided by 11603?
38
Calculate the remainder when 282047 is divided by 39.
38
What is the remainder when 96489 is divided by 1005?
9
Calculate the remainder when 949 is divided by 68.
65
What is the remainder when 3016 is divided by 41?
23
What is the remainder when 39293 is divided by 6522?
161
What is the remainder when 22266 is divided by 518?
510
What is the remainder when 97771 is divided by 32576?
43
Calculate the remainder when 37748 is divided by 18806.
136
What is the remainder when 189309 is divided by 192?
189
What is the remainder when 7967 is divided by 1592?
7
Calculate the remainder when 2187 is divided by 609.
360
Calculate the remainder when 359839 is divided by 452.
47
Calculate the remainder when 1012688 is divided by 238.
236
What is the remainder when 73353 is divided by 1203?
1173
What is the remainder when 148343 is divided by 22?
19
What is the remainder when 24023 is divided by 56?
55
What is the remainder when 31351 is divided by 37?
12
What is the remainder when 138567 is divided by 16?
7
What is the remainder when 88160 is divided by 422?
384
What is the remainder when 1395 is divided by 64?
51
Calculate the remainder when 32511 is divided by 22.
17
What is the remainder when 341689 is divided by 51?
40
Calculate the remainder when 88641 is divided by 382.
17
What is the remainder when 5118 is divided by 23?
12
Calculate the remainder when 39475 is divided by 2627.
70
What is the remainder when 95496 is divided by 5613?
75
What is the remainder when 7855 is divided by 1897?
267
Calculate the remainder when 376430 is divided by 94083.
98
Calculate the remainder when 4137 is divided by 54.
33
What is the remainder when 25343 is divided by 1967?
1739
Calculate the remainder when 21481 is divided by 1534.
5
What is the remainder when 4081 is divided by 243?
193
Calculate the remainder when 110549 is divided by 30.
29
What is the remainder when 11488 is divided by 3807?
67
Calculate the remainder when 1349 is divided by 36.
17
What is the remainder when 2406 is divided by 46?
14
What is the remainder when 971275 is divided by 323751?
22
Calculate the remainder when 30108 is divided by 2736.
12
Calculate the remainder when 373045 is divided by 211.
208
What is the remainder when 1412 is divided by 63?
26
What is the remainder when 24320 is divided by 21?
2
Calculate the remainder when 337546 is divided by 276.
274
Calculate the remainder when 61428 is divided by 11.
4
Calculate the remainder when 5381 is divided by 1657.
410
Calculate the remainder when 42899 is divided by 30.
29
What is the remainder when 12076 is divided by 251?
28
Calculate the remainder when 43160 is divided by 135.
95
Calculate the remainder when 2696 is divided by 1277.
142
Calculate the remainder when 17188 is divided by 175.
38
What is the remainder when 200371 is divided by 10545?
16
Calculate the remainder when 3814 is divided by 68.
6
What is the remainder when 1514136 is divided by 811?
810
Calculate the remainder when 4009 is divided by 1495.
1019
What is the remainder when 5283 is divided by 19?
1
What is the remainder when 287350 is divided by 15963?
16
Calculate the remainder when 1591 is divided by 692.
207
What is the remainder when 804676 is divided by 431?
430
What is the remainder when 44481 is divided by 155?
151
Calculate the remainder when 9725 is divided by 19.
16
What is the remainder when 32491 is divided by 439?
5
Calculate the remainder when 10783 is divided by 400.
383
Calculate the remainder when 250740 is divided by 97.
92
What is the remainder when 396401 is divided by 498?
491
What is the remainder when 3730 is divided by 3717?
13
Calculate the remainder when 219391 is divided by 73127.
10
What is the remainder when 1931 is divided by 234?
59
What is the remainder when 13151 is divided by 86?
79
Calculate the remainder when 5194 is divided by 5152.
42
What is the remainder when 391 is divided by 195?
1
Calculate the remainder when 663229 is divided by 29.
28
What is the remainder when 17533 is divided by 8764?
5
What is the remainder when 5851 is divided by 215?
46
Calculate the remainder when 935 is divided by 725.
210
What is the remainder when 1888529 is divided by 52?
45
Calculate the remainder when 48438 is divided by 241.
238
What is the remainder when 16133 is divided by 5294?
251
What is the remainder when 526 is divided by 86?
10
What is the remainder when 82941 is divided by 7540?
1
What is the remainder when 7136 is divided by 397?
387
Calculate the remainder when 2369 is divided by 920.
529
Calculate the remainder when 21271 is divided by 2199.
1480
What is the remainder when 13219 is divided by 1651?
11
What is the remainder when 2380175 is divided by 155?
150
Calculate the remainder when 122110 is divided by 8139.
25
What is the remainder when 107384 is divided by 343?
25
What is the remainder when 69451 is divided by 151?
142
Calculate the remainder when 68778 is divided by 362.
360
Calculate the remainder when 4029 is divided by 206.
115
What is the remainder when 17698 is divided by 123?
109
Calculate the remainder when 3903 is divided by 126.
123
Calculate the remainder when 405135 is divided by 33.
27
What is the remainder when 3349 is divided by 418?
5
Calculate the remainder when 3857 is divided by 1153.
398
Calculate the remainder when 4596 is divided by 4583.
13
Calculate the remainder when 1803 is divided by 408.
171
Calculate the remainder when 14677 is divided by 9.
7
What is the remainder when 5306 is divided by 2649?
8
What is the remainder when 21204 is divided by 204?
192
Calculate the remainder when 30574 is divided by 2183.
12
Calculate the remainder when 513 is divided by 40.
33
What is the remainder when 32494 is divided by 16?
14
What is the remainder when 921000 is divided by 14?
10
Calculate the remainder when 8895 is divided by 1768.
55
Calculate the remainder when 853996 is divided by 427.
423
Calculate the remainder when 83169 is divided by 396.
9
What is the remainder when 65159 is divided by 1761?
2
What is the remainder when 9464 is divided by 36?
32
What is the remainder when 4290 is divided by 1214?
648
What is the remainder when 10328 is divided by 84?
80
What is the remainder when 3957 is divided by 890?
397
Calculate the remainder when 4668 is divided by 211.
26
Calculate the remainder when 24745 is divided by 219.
217
Calculate the remainder when 532646 is divided by 5.
1
What is the remainder when 2621 is divided by 503?
106
Calculate the remainder when 35510 is divided by 80.
70
Calculate the remainder when 185628 is divided by 84.
72
What is the remainder when 1482 is divided by 262?
172
What is the remainder when 22753 is divided by 22743?
10
Calculate the remainder when 502899 is divided by 47.
46
What is the remainder when 32051 is divided by 3205?
1
Calculate the remainder when 29105 is divided by 378.
377
What is the remainder when 1074 is divided by 127?
58
Calculate the remainder when 1764 is divided by 441.
0
Calculate the remainder w